he prime factors of m?
2
Suppose 0*a = 5*a. Suppose 8 = -v - v + 3*t, 4*v - 2*t = a. Suppose 2*u - 33 = -l + 2*l, 5*l = -v*u + 51. What are the prime factors of u?
2, 3
Let v(f) = 182*f - 2 + 103*f**2 - 180*f + 18*f**2. What are the prime factors of v(1)?
11
Let h = -410 - -710. Suppose u + h = 5*u. List the prime factors of u.
3, 5
Suppose 0 = -86*a + 84*a + 340. Suppose 35*t = 34*t + a. What are the prime factors of t?
2, 5, 17
What are the prime factors of (-14*26/(-91))/((-1)/(-2))?
2
Suppose -3*a + 6 = 0, -15*a = -4*w - 18*a + 11174. List the prime factors of w.
2, 349
Let h be (234/(-4))/((-1)/2). Let y = 305 - h. What are the prime factors of y?
2, 47
Let u be (-25)/(-6) - 3/18. Suppose 4*d = -d + 4*i + 77, -u*d = -2*i - 64. List the prime factors of d.
17
Let q be (-2*(-6)/14)/((-6)/(-28)). Suppose 438 = q*n - 106. What are the prime factors of n?
2, 17
Suppose 5*z + 13 = 5*w + 3, 5*z = 5. Suppose -135 = -w*s + 141. What are the prime factors of s?
2, 23
Let b(t) = -t**3 - 16*t**2 - t - 13. Let y be b(-16). Let l(j) = 3*j + 0*j**2 - 2 + j**2 - y*j. List the prime factors of l(-5).
23
Let y(q) = q**2 + 2*q - 13. Suppose 2*j + 22 = r, -2*r + 26 = -j + 9. Let t be y(j). Let s = 81 - t. List the prime factors of s.
31
Let k(j) = -j**3 - 9*j**2 - 3*j + 8. Suppose 2*v + 69 = 51. What are the prime factors of k(v)?
5, 7
Let u(b) = 14*b**2 + 10*b - 54. What are the prime factors of u(7)?
2, 3, 13
Suppose -4*a - 1698 = -2*z - 8660, 2*a + 5*z = 3499. What are the prime factors of a?
2, 13, 67
Let l(i) = -83*i + 13. Let h(m) = -42*m + 7. Let d(c) = -11*h(c) + 6*l(c). What are the prime factors of d(-2)?
73
Let z(s) be the first derivative of s**3/3 + 20*s + 16. What are the prime factors of z(0)?
2, 5
Let u(r) = 2*r**3 + 3*r - 2. Let y be u(2). Let q be (y/25)/((-4)/(-10)). Suppose q*h = 3*h - 19. What are the prime factors of h?
19
Let u = -350 + 501. Suppose -6*t = -5*t - u. What are the prime factors of t?
151
Let v(c) = 305*c - 74. Let n be v(10). Suppose 3*m + 9*m - n = 0. List the prime factors of m.
2, 31
Let r(s) = -8*s + 10. Suppose -2*l + 14 = 2*t, 3*l + l - 25 = -3*t. Let j be r(l). List the prime factors of 136/10 + j/(-55).
2, 7
Let y = -25 + 27. Let c be 0*2*(-1)/y. Suppose 4*a = 4*p + 192, c = -4*a + 2*p + 289 - 107. What are the prime factors of a?
43
Suppose x + 55*u = 59*u + 4641, x = -3*u + 4669. List the prime factors of x.
4657
Let u(f) = 4*f**2 + 8*f - 7. Let s(q) = -5*q**2 - 9*q + 7. Let k(h) = 3*s(h) + 4*u(h). Let w = -6 + 9. List the prime factors of k(w).
17
Let h be ((-12)/10)/((-6)/15) + -15. What are the prime factors of (-21 + h)*2/(-3)?
2, 11
Let c(i) = 17*i**2 - 154*i + 11. What are the prime factors of c(14)?
1187
Let z(t) = -20*t + 8. Let g be z(-5). Suppose -2*v + 76 = -4*l, 3*v - g = -3*l + 42. List the prime factors of v.
2, 23
Let o be 2/4 + (-7)/(-2). Let h = 217 + -174. Suppose -o*y = -17 - h. List the prime factors of y.
3, 5
Suppose -3*l = -5*l + 20. What are the prime factors of 5*4/l*(1 + 123)?
2, 31
What are the prime factors of 20372/22 - ((0 - -6) + 0)?
2, 5, 23
Let f be (-15*36/(-81))/((-2)/(-3)). Suppose -f*a + 567 = -7*a. List the prime factors of a.
3, 7
Let t(b) = 6*b**2 + b - 2. Let y(d) = 7*d**2 - 2. Let p(g) = -6*t(g) + 5*y(g). Let s be p(-5). Let u = 38 + s. What are the prime factors of u?
3, 5
Suppose 3*j = 4*l + 88, -4*l = -9*l - 4*j - 79. Let p = 130 + l. List the prime factors of p.
3, 37
Suppose 2*f - 2*t = 241 + 331, 3*f + 5*t = 842. Suppose 0 = 3*v - 3*c - 168, -5*v = -6*c + 2*c - f. What are the prime factors of v?
2, 3, 5
Let q be (2 - 1) + -3 + 77. Let a = -6 + q. List the prime factors of a.
3, 23
Suppose -12*k - 588 + 96 = 0. Let v = 6 - k. List the prime factors of v.
47
Let k(d) = -d**2 + 11*d - 4. Let z = 32 + -21. Let p be k(z). List the prime factors of (-94)/(-6) + p/6.
3, 5
Let z(g) = 304*g**2 - 24*g - 25. List the prime factors of z(-1).
3, 101
Let q be (-4)/4 - (0 - 3). Let d(p) = p**3 + 5*p**2 + p + 5. Let f be d(-5). Suppose s + m - 24 = f, q*s + m - 66 = -s. List the prime factors of s.
3, 7
Suppose 7 = 5*o + 67. Let c = o + 12. List the prime factors of 4 + -2 + 0 - c.
2
List the prime factors of 0 - 2/(-4)*214.
107
Suppose -2*a + d = 25, -4*a = -4*d + 3*d + 55. Let l be 92/(-10) + (-3)/a. What are the prime factors of 7*(-2 + l/(-3))?
7
Suppose -29*f - 1154 = -12957. What are the prime factors of f?
11, 37
Let x(c) = -20*c - 136. List the prime factors of x(-27).
2, 101
Let d = 20 + 5. Let t = d - 13. Let q(z) = -z**3 + 12*z**2 + 2*z - 17. What are the prime factors of q(t)?
7
Suppose -11*u + 9*u + 8 = 0. Suppose m - u*m = -45. List the prime factors of m.
3, 5
Let c = 2 - -3. Suppose -13*y + 8*y + 235 = 0. Suppose 3*q + 5*n - y = 0, -q = -2*n + 4 - c. What are the prime factors of q?
3
Let w(z) = 5*z - 18*z + 87 + z**2 - z**3 + 15*z. What are the prime factors of w(0)?
3, 29
Suppose -5*c + 15 = 0, 0*c + 13 = 5*f + c. Let z = 1134 + -1129. Suppose 0*u - f*u + 98 = 5*t, -z*u + 245 = -2*t. What are the prime factors of u?
7
Let i = -9 - -11. Suppose -5*y + 37 = i*d, -3*d - y + 43 = 4*y. List the prime factors of d.
2, 3
Let o(d) = 2*d**3 - 13*d**2 - 17*d + 11. List the prime factors of o(11).
11, 83
Let n(b) = 34*b**2 - b - 2. Let w be n(-2). Suppose -15*y - 9*y = 2088. Let a = y + w. What are the prime factors of a?
7
Let l(r) = r**3 - 4*r - 1. Let p be l(3). List the prime factors of 786/21 + (-6)/p.
37
Suppose -5*d - 2827 = -i - 8663, 2*d = 5*i + 2316. What are the prime factors of d?
2, 73
Suppose -4*d - 13 = -33. Suppose -4 = -4*q + q + 4*j, 26 = 4*q + d*j. Suppose -5*s = 20, 4*m = -s - q*s + 112. List the prime factors of m.
3, 11
Suppose -2*z + 10 = -2. Suppose -151 = z*f - 1477. What are the prime factors of f?
13, 17
Let n = 1358 + -1352. List the prime factors of n.
2, 3
Let j = 1 + 19. Suppose j = -12*w + 17*w. Suppose 5*v - 265 = -5*b, -w*b + 2*b = 4*v - 112. List the prime factors of b.
2, 5
Let f be 2 - (2 + 2 + 95). Let b = -47 - f. Suppose -b = -3*i + 10. What are the prime factors of i?
2, 5
Let c be ((-7)/(-2))/(17/(-34)). Let s be (c - -1)*(-37)/3. Let n = s + -53. List the prime factors of n.
3, 7
Suppose -2*b - i + 2183 = 0, -b = -0*b + i - 1090. What are the prime factors of b?
1093
Let c(g) = 2*g**2 - 11*g + 5. List the prime factors of c(12).
7, 23
Suppose -4*o = -2*o - 142. Let q = o - 38. List the prime factors of (-6)/q + 1196/44.
3
Suppose -2*f + 383 = w, 4*f - 6*w - 778 = -4*w. What are the prime factors of f?
193
Let c(j) = 3*j + 21. Let b be c(-12). Let u = b - -10. Let r(w) = -12*w - 15. What are the prime factors of r(u)?
3, 5
Let z(b) = 5*b**2 - 6*b - 9. Let y be 85/30 + (-2)/(-12). Let x be (4 + (-13)/y)*-12. List the prime factors of z(x).
47
Let a = 1363 - 692. What are the prime factors of a?
11, 61
Let y be 2/14*(-70)/(-20)*348. Suppose -111 = 3*s - y. List the prime factors of s.
3, 7
Suppose 3*w - 1 = x, -4*w = x - 2*x - 2. Let l be 2 + w - 63/7. What are the prime factors of 1876/26 - l/(-39)?
2, 3
Let w = 1539 + -818. List the prime factors of w.
7, 103
Let i(x) = x**3 + 10*x**2 + 9*x + 5. Let t be (8 - -1)/(5/(-5)). Let h be i(t). Suppose -h*j + l = -119, 0*j - 5*l + 49 = 3*j. List the prime factors of j.
23
Let y(x) = 10 + 16*x - 4 - 2. Let z be y(6). Let q = z + -65. List the prime factors of q.
5, 7
Suppose 4*f + 108 = b, b - 4*f = -2*f + 108. Let k = b + -63. What are the prime factors of k?
3, 5
Let m = -5 - -3. List the prime factors of (-153)/(-21) - m/(-7).
7
Let b(q) = -6*q - 3. Let h be b(-1). Suppose 4*v = -0*a - h*a + 19, -5*a - 22 = -v. List the prime factors of v.
7
Let s = -1526 - -2733. List the prime factors of s.
17, 71
Let o be ((-2)/(-5))/((-9)/(-720)). Suppose a - o = -a. What are the prime factors of 8/a + (-194)/(-4)?
7
Let n = 4 - 0. Let u(g) = -5 + 6*g**2 - 5*g + 2*g + 2*g + n. List the prime factors of u(-2).
5
Let p = 5108 - 3308. List the prime factors of p.
2, 3, 5
Let o be -92 + (-5)/(5/2). Let m = o - -135. List the prime factors of m.
41
What are the prime factors of 6/(-4)*32/(-24)*37?
2, 37
Let w(j) = 454*j**2 + 6 - 225*j**2 - 6*j**3 + 2*j - 231*j**2. List the prime factors of w(-3).
2, 3
Let r = 1723 + -962. List the prime factors of r.
761
Let b be 1*(-4)/(-6) - 33/9. What are the pr